 of m?
41
Let v(y) = 48*y**3 + 2*y**2 - y. List the prime factors of v(1).
7
Let n = 22 - 4. What are the prime factors of n?
2, 3
Let s = -4 + 78. What are the prime factors of s?
2, 37
Let s(k) = k**3 - 2*k**2 + k. Let t be s(2). Let j(f) = -4*f**2 + 3*f - 2*f - f**3 - 2 + 2*f**t. List the prime factors of j(-3).
2
Let y(v) = v**2 + v - 3. Let u(l) = l**2 - 3*l - 1. Let s be u(4). Suppose -s = -t - 0. What are the prime factors of y(t)?
3
Let m(w) = 2*w + 3. Let v be m(-6). Let a = v - -17. List the prime factors of a.
2
Suppose -21 = -p - 2*t, -4*p + 3*t = -114 + 8. What are the prime factors of p?
5
Let r = 12 + -6. Suppose w = r*w + 15. Let g(d) = d + 7. List the prime factors of g(w).
2
Suppose -a - 3*w = -32, 3*a + 2*w + 0*w = 124. Let l = a + -21. What are the prime factors of l?
23
What are the prime factors of (-788)/(-20) - 2/5?
3, 13
Suppose 544 = 5*k - z, 11 = -k - 3*z + 123. What are the prime factors of k?
109
Let f be -3 + 3/((-9)/(-15)). Suppose -6*a + 41 = 4*q - a, 3*a = 3*q - 24. Suppose -q + 1 = -f*o. What are the prime factors of o?
2
What are the prime factors of 505/20 - 1/4?
5
Let o(d) = 92*d**2 - 2*d - 1. What are the prime factors of o(1)?
89
Suppose 1036 - 245 = 7*s. What are the prime factors of s?
113
Suppose 3 = -3*y - 12. Let t(u) = u**3 + 8*u**2 + 5*u - 7. What are the prime factors of t(y)?
43
Suppose v - 2*m - 53 + 19 = 0, -3*m + 84 = 3*v. List the prime factors of v.
2, 3, 5
Let j(k) = 41*k**2 - 2*k - 2. What are the prime factors of j(-1)?
41
Suppose -a = -0 - 3, q = 5*a - 13. Let o be q/(3 - (3 + -2)). Let m(v) = 16*v**2 - 1. What are the prime factors of m(o)?
3, 5
Suppose 15*g - 141 = 12*g. What are the prime factors of g?
47
Suppose 3*x + 18 = 3*o, 6*o = 2*o - 5*x + 24. Suppose -2 = g - o. List the prime factors of g.
2
Let p(z) = 2*z**2 - 7*z + 3. What are the prime factors of p(6)?
3, 11
Let n(k) = -2*k + k - 1 - k. List the prime factors of n(-5).
3
Let y(u) = -u**3 - 6*u**2 + u + 6. Let x be y(-6). Let n(t) = t**2 + t + 1. Let h be n(x). Let s(g) = 2*g**3 + 2*g**2 - 1. What are the prime factors of s(h)?
3
Suppose -5*m - 196 = -9*m. What are the prime factors of m?
7
Suppose 8*w - 1083 = 1061. List the prime factors of w.
2, 67
Let q(m) = m**2 - 10*m - 13. Let r be q(10). Let k = 9 + r. List the prime factors of ((-78)/9)/(k/6).
13
Let d be 3/(-7) + 118/14. Suppose 3 = -4*r + 75. Let h = r - d. What are the prime factors of h?
2, 5
Let u(q) = -q + 93. List the prime factors of u(0).
3, 31
Let f = 87 - 53. What are the prime factors of f?
2, 17
Suppose 3*p = -2*s + 199, 4*p - 40 - 216 = -5*s. List the prime factors of p.
3, 23
Let a be 0*(3 + 16/(-6)). Let m be 3 + 7 - (2 - a). List the prime factors of (-273)/(-12) - 6/m.
2, 11
Let j(r) = 2*r**2 - r - 7. What are the prime factors of j(4)?
3, 7
Let a(i) = 28*i + 2. What are the prime factors of a(2)?
2, 29
Suppose -5*p + 6*y - 2*y = 0, -5*y = 3*p - 37. Suppose -p*j + 36 = -40. What are the prime factors of j?
19
Let m(p) = -3*p. What are the prime factors of m(-2)?
2, 3
Let a = 188 + -127. List the prime factors of a.
61
Let z(r) = 4*r + 6. Suppose 4*d - 24 = 4. What are the prime factors of z(d)?
2, 17
Let k(h) = h + 8. Let z be k(0). Suppose -30 = -2*i + z. Let g = 38 - i. List the prime factors of g.
19
Let l(m) = -m**2 + 6*m - 1. Let r = 0 - -8. Let n be 6/r + 34/8. What are the prime factors of l(n)?
2
Let j = 211 + -146. List the prime factors of j.
5, 13
Suppose -9 + 34 = l - s, -117 = -5*l - 3*s. List the prime factors of l.
2, 3
Let m = 9 + -4. Suppose 3*h = -2*p - 7 - 3, 5*p - 25 = m*h. Suppose -p = -y + 1. List the prime factors of y.
2
Let r(c) = -11*c - 4. Let w be r(-6). Let x = w + -26. Suppose -x = -z - 2*z. What are the prime factors of z?
2, 3
Let u = -3 - -3. Suppose -5*t + u*j + j + 11 = 0, -4*t = 5*j - 3. Suppose 6*m - 18 = m + 4*c, 0 = -t*m - 2*c. What are the prime factors of m?
2
Let d be 2/6 + (-17)/(-3). List the prime factors of 14/d - 4/12.
2
Let t be (6/9)/((-1)/(-3)). Suppose -5*p = a - t - 50, -p - 3*a = -16. What are the prime factors of p?
2, 5
What are the prime factors of ((24/5)/3)/((-2)/(-80))?
2
Let t be ((-16)/20)/((-2)/5). List the prime factors of -1 + t + -1 + 14.
2, 7
Suppose 5*b - 5*v - 15 = 0, b + 3*v + 0 = 3. Suppose -12 = -w - 3*w. Let x = w + b. List the prime factors of x.
2, 3
Let o(g) = 2*g**3 - 3*g**2 + 2*g**2 - g**2 - 3*g - 1. List the prime factors of o(3).
2, 13
Suppose 3*y + 6 = -6*a + 2*a, -5*y + 2*a - 36 = 0. Let l be y*(-1 + -1 + 4). Let u = l - -25. List the prime factors of u.
13
Suppose 11*i - 15*i + 400 = 2*y, 2*i = -5*y + 984. What are the prime factors of y?
2, 7
Let f be (-349)/5 - 2/10. Let i be 1/(-3) - f/21. Suppose o + 14 = 4*w, 4*o - 8*o + i*w + 9 = 0. List the prime factors of o.
2, 3
Let q(v) = v**3 + v**2. Let b be q(-2). What are the prime factors of b/(-4) + 1 - 0?
2
Suppose -2*f + 178 = -0*f - 3*t, 5*f = t + 471. Let d = -68 + f. What are the prime factors of d?
3
Let x(v) = 2*v + 2*v + 10 - 8. What are the prime factors of x(4)?
2, 3
Suppose -4*g + 5*w + 43 = 0, w = g - 0*g - 10. What are the prime factors of g?
7
Let w be ((-13)/(-2))/((-1)/(-2)). Suppose -13 + 1 = 4*r, -5*c - 4*r = -w. Let h = c + -2. List the prime factors of h.
3
Let n(j) be the third derivative of -j**4/12 + j**3/3 + 2*j**2. Let c(v) = -v**2 + 15*v - 16. Let s be c(14). What are the prime factors of n(s)?
2, 3
List the prime factors of (42/8)/(-7) + (-470)/(-8).
2, 29
Let a(i) be the first derivative of -4*i**2 + i + 3 - 1/3*i**3. List the prime factors of a(-6).
13
Let v(w) = -w**3 + w - 1. Let u(p) = 8*p**3 - p**2 - 4*p + 4. Let d(q) = -u(q) - 4*v(q). Suppose 2*j = 5*j + 3. List the prime factors of d(j).
5
List the prime factors of (-2)/8 + (-401)/(-4).
2, 5
Let d = -2 - -2. Suppose d*k - k + 3 = 0. Suppose k*w = 5 + 10. What are the prime factors of w?
5
Suppose -4*v = 24 + 12. Let x(d) = 2*d**3 + 2*d**2 - 2*d - 1. Let s be x(-2). Let t = s - v. List the prime factors of t.
2
Let m = -7 + 9. Let f = 2 - m. What are the prime factors of 11 - (1 - (3 - f))?
13
Suppose 0 = -16*l + 11*l + 10. Let n = 13 + -8. Suppose n*i - 33 = l*i. What are the prime factors of i?
11
Let u be (-303)/(-15) - 1/5. Let i = -13 + u. What are the prime factors of i?
7
Let f(d) = d**2 - 3*d - 5. Let o be f(4). Let l = 4 - o. What are the prime factors of l?
5
Let f be -2 - (2 - 0 - -2). Let i = f + 4. List the prime factors of 9 + 1/(1/i).
7
Let d = 14 - 11. Suppose 0 = -3*r - 3*z + 6*z + 9, 37 = d*r + 4*z. List the prime factors of r.
7
Suppose -3*g + 307 = -5*d - 0*d, -5*g - 3*d = -557. List the prime factors of g.
109
Let x(r) = 40*r - 2. What are the prime factors of x(2)?
2, 3, 13
Suppose 3 = 3*s - 12. Suppose -a + s*a + 948 = 0. List the prime factors of 4/18 + a/(-27).
3
Let z = 0 - -2. Suppose 2*y = 28 + z. Suppose 0 = -3*c - 2*c + y. What are the prime factors of c?
3
Let t(b) = 2*b**3 + 3*b**2 + b + 1. Let j be t(-2). Let a be (-2)/5 + 428/j. What are the prime factors of (-1)/(-4) - a/8?
11
Let u(x) = -x**3 + 7*x**2 - 6*x + 6. Let h be u(6). Let r = h - 0. Suppose y + 29 = r*y - 4*o, 0 = -3*y + o + 23. List the prime factors of y.
3
Suppose 0*i - i = 0. Suppose i*y = 4*k - 2*y - 20, -30 = -2*k - 4*y. List the prime factors of k.
7
Suppose -d = 3*j - 11 - 0, -11 = -d + 3*j. Let w = d + 3. List the prime factors of w.
2, 7
Let q(b) = -b**2 - 12*b - 11. List the prime factors of q(-9).
2
Let a = 39 - 21. Let o = 2 + a. Let q = o + -8. List the prime factors of q.
2, 3
Suppose 0 = -0*w - 3*w + 18. Let a = w + -3. List the prime factors of a.
3
Let n = 75 + -43. List the prime factors of n.
2
Let v(l) = -7*l - 5. What are the prime factors of v(-6)?
37
Suppose -4*d - t - 4 = 0, -t - 3 = 5*d + 1. List the prime factors of (3/9 + d)*63.
3, 7
Let d(i) = -6*i - 21. List the prime factors of d(-16).
3, 5
Let q(k) = 3*k + 4. Let z = -5 - -9. What are the prime factors of q(z)?
2
Let l(q) = -74*q - 2. Let h be l(1). List the prime factors of (h/10)/((-2)/5).
19
Suppose 5*y - 21 = 2*r, -3*y + 9 = 2*r - 10. Suppose -27 - 3 = -y*b. Let n = 8 - b. What are the prime factors of n?
2
Let x(j) = 68*j**3 + j**2 - 1. Let n be x(1). Let b = n + -39. List the prime factors of b.
29
Suppose -4*d = 12, -2*d = -2*h - 0*d - 142. Let l